502405 composite?
True
Is 1261 a composite number?
True
Is 67061 composite?
False
Is 1350443 a composite number?
True
Is 116993 prime?
True
Is 89753 composite?
False
Is 344041 prime?
False
Is 38993 a prime number?
True
Is 8147 a composite number?
False
Is 179671 composite?
False
Is 195401 a composite number?
False
Is 956477 a prime number?
True
Is 332231 composite?
True
Is 51349 a composite number?
False
Is 13669 a composite number?
False
Is 98179 prime?
True
Is 71017 a composite number?
True
Is 11335 composite?
True
Is 18947 prime?
True
Is 288383 prime?
True
Is 13138 composite?
True
Is 15133 a composite number?
True
Is 550951 prime?
True
Is 368633 a composite number?
False
Is 72613 prime?
True
Is 372197 a composite number?
True
Is 1139 composite?
True
Is 28963 a prime number?
False
Is 30529 composite?
False
Is 8801 composite?
True
Is 75533 prime?
True
Is 64705 a prime number?
False
Is 21815 a prime number?
False
Is 330783 composite?
True
Is 1158713 a prime number?
True
Is 131143 prime?
True
Is 5471 composite?
False
Is 252897 prime?
False
Is 43889 a composite number?
False
Is 13291 composite?
False
Is 60349 prime?
False
Is 162343 a prime number?
True
Is 15685 composite?
True
Is 74023 a prime number?
False
Is 6709 composite?
False
Is 2029439 prime?
True
Is 23033 prime?
False
Is 24589 a prime number?
False
Is 17553 a composite number?
True
Is 23451 a composite number?
True
Is 17273 prime?
False
Is 697181 prime?
True
Is 36247 prime?
False
Is 3389 composite?
False
Is 80561 a prime number?
False
Is 5645 a prime number?
False
Is 16691 a composite number?
False
Is 57457 a composite number?
False
Is 116563 composite?
True
Is 8803 composite?
False
Is 512167 a prime number?
True
Is 256739 prime?
False
Is 673 prime?
True
Is 30574 composite?
True
Is 134503 prime?
True
Is 63683 composite?
True
Is 697 prime?
False
Is 22301 a composite number?
True
Is 26819 prime?
False
Is 479 a composite number?
False
Is 106283 composite?
True
Is 168853 a composite number?
True
Is 113809 a composite number?
False
Is 105217 a prime number?
False
Is 1546143 a prime number?
False
Is 19547 prime?
False
Is 7513 a composite number?
True
Is 57611 composite?
True
Is 10754819 composite?
False
Is 17891 a prime number?
True
Is 170119 prime?
False
Is 5873 a composite number?
True
Is 603989 prime?
True
Is 745 a prime number?
False
Is 91645 prime?
False
Is 110073 a prime number?
False
Is 58931 composite?
True
Is 23369 a composite number?
False
Is 2963 composite?
False
Is 7771 a prime number?
False
Is 4861 composite?
False
Is 112351 prime?
False
Is 22577 composite?
True
Is 117161 a prime number?
False
Is 65353 prime?
True
Is 9979 a composite number?
True
Is 13418 prime?
False
Is 27611 composite?
False
Is 28349 a prime number?
True
Is 122017 a composite number?
True
Is 72113 a prime number?
False
Is 27205 composite?
True
Is 5501 prime?
True
Is 1324077 a prime number?
False
Is 534454 a prime number?
False
Is 49981 a prime number?
False
Is 191 a composite number?
False
Is 2646079 composite?
False
Is 7177 a composite number?
False
Is 235459 a prime number?
False
Is 2795593 prime?
True
Is 8983 composite?
True
Is 7663 composite?
True
Is 16217 prime?
True
Is 3013 a composite number?
True
Is 386417 a prime number?
False
Is 31927 prime?
False
Is 246166 composite?
True
Is 14971 prime?
False
Is 7321 composite?
False
Is 1849 a prime number?
False
Is 2077 a prime number?
False
Is 2038 prime?
False
Is 11593 prime?
True
Is 361694 composite?
True
Is 141739 a prime number?
False
Is 457087 prime?
True
Is 369361 a composite number?
False
Is 370259 a prime number?
False
Is 128669 a composite number?
False
Is 10111 a composite number?
False
Is 6031 a prime number?
False
Is 1850561 a prime number?
True
Is 44159 a composite number?
False
Is 37277 prime?
True
Is 1278929 a composite number?
True
Is 88783 composite?
True
Is 234553 a prime number?
False
Is 37817 a composite number?
True
Is 48607 composite?
True
Is 53953 prime?
False
Is 884219 a prime number?
False
Is 41557 a composite number?
True
Is 1779 a composite number?
True
Is 20011 a prime number?
True
Is 64553 composite?
False
Is 4637 prime?
True
Is 56162 prime?
False
Is 16277 composite?
True
Is 373063 a prime number?
True
Is 11371 a composite number?
True
Is 75431 a composite number?
False
Is 8353 a composite number?
False
Is 8641 composite?
False
Is 34679 composite?
False
Is 1007 a prime number?
False
Is 290477 a composite number?
True
Is 73795 a prime number?
False
Is 105449 composite?
False
Is 75053 prime?
False
Is 286973 composite?
False
Is 147623 a composite number?
True
Is 18671 a composite number?
False
Is 77003 a composite number?
False
Is 289099 a composite number?
False
Is 71009 a prime number?
False
Is 68293 composite?
True
Is 214 a prime number?
False
Is 69887 prime?
False
Is 869 a prime number?
False
Is 101833 composite?
False
Is 177109 a prime number?
True
Is 114151 composite?
True
Is 630019 prime?
False
Is 127 composite?
False
Is 61319 a composite number?
True
Is 29011 prime?
False
Is 35671 a prime number?
True
Is 21731 a prime number?
False
Is 641 composite?
False
Is 3975487 a prime number?
True
Is 258418 a prime number?
False
Is 95477 a prime number?
False
Is 19699 a composite number?
False
Is 4139 a composite number?
False
Is 10007 a prime number?
True
Is 542873 composite?
False
Is 102043 prime?
True
Is 693559 composite?
True
Is 19001 a composite number?
False
Is 162739 composite?
False
Is 78091 composite?
True
Is 31121 a prime number?
True
Is 200513 a composite number?
False
Is 331 prime?
True
Is 78367 prime?
True
Is 288121 prime?
False
Is 177623 a composite number?
False
Is 41597 composite?
False
Is 5326 prime?
False
Is 21427 composite?
True
Is 2228053 a prime number?
True
Is 1823 a prime number?
True
Is 245677 a composite number?
True
Is 32293 a prime number?
False
Is 2179367 prime?
True
Is 1291 composite?
False
Is 69539 a composite number?
False
Is 215531 a composite number?
False
Is 2515 prime?
False
Is 14767 prime?
True
Is 876241 composite?
True
Is 3898 a composite number?
True
Is 3139723 a prime number?
True
Is 31813 composite?
True
Is 4327 a composite number?
False
Is 7493621 composite?
False
Is 33457 a composite number?
False
Is 59747 a composite number?
False
Is 12889 a prime number?
True
Is 31 a composite number?
False
Is 136979 composite?
False
Is 535729 a composite number?
True
Is 806977 composite?
False
Is 50581 a composite number?
False
Is 1811 a prime number?
True
Is 28811 a composite number?
True
Is 1456501 a composite number?
False
Is 49253 composite?
False
Is 10771 a composite number?
False
Is 979 composite?
True
Is 6163 a composite number?
False
Is 533 prime?
False
Is 152413 a composite number?
True
Is 605113 composite?
False
Is 1795 a composite number?
True
Is 1983491 a composite number?
False
Is 1563 composite?
True
Is 36591 prime?
False
Is 171529 a composite number?
False
Is 28111 a prime number?
True
Is 839 a composite number?
False
Is 5147 prime?
True
Is 176221 a composite number?
False
Is 20471 composite?
True
Is 46381 a prime number?
True
Is 821203 prime?
False
Is 40723 composite?
True
Is 47567 composite?
True
Is 158959 composite?
False
Is 1609123 a prime number?
False
Is 18397 a composite number?
False
Is 10151 prime?
True
Is 183823 composite?
False
Is 11599 a composite number?
True
Is 328057 prime?
False
Is 291259 a prime number?
False
Is 129487 prime?
False
Is 590845 a prime number?
False
Is 583321 a composite number?
True
Is 275549 a composite number?
False
Is 24359 prime?
True
Is 4963 prime?
False
Is 138727 a prime number?
True
Is 32647 a prime number?
True
Is 200437 a prime number?
True
Is 60827 a prime number?
False
Is 1463043 a composite number?
True
Is 214 a prime number?
False
Is 262103 a prime number?
True
Is 10301 composite?
False
Is 729671 a prime number?
True
Is 70099 composite?
False
Is 102397 composite?
False
Is 22177 prime?
False
Is 39499 a composite number?
False
Is 12143 prime?
True
Is 560345 composite?
True
Is 3733 prime?
True
Is 15683 a composite number?
False
Is 227927 composite?
True
Is 1249 composite?
False
Is 712357 a composite number?
False
Is 108091 prime?
False
Is 14971 composite?
True
Is 2237 a composite number?
False
Is 407119 a prime number?
True
Is 851 a prime number?
False
I